 is 23 + 10?
33
In base 6, what is -432 - 3?
-435
In base 12, what is -1 + 382?
381
In base 9, what is 87 - -3?
101
In base 9, what is -3 + 3?
0
In base 16, what is -9443 - 2?
-9445
In base 8, what is 3 - 3?
0
In base 3, what is 1102 + -20?
1012
In base 12, what is 2 - -475?
477
In base 7, what is 2 - 301?
-266
In base 6, what is -1430 + 1?
-1425
In base 9, what is -255 - 21?
-276
In base 16, what is 20 + 4d?
6d
In base 8, what is 21 + 5?
26
In base 15, what is c - 39?
-2c
In base 15, what is 6e - -c?
7b
In base 3, what is 11220 - 2?
11211
In base 5, what is -211 - -144?
-12
In base 12, what is -31b2 + -5?
-31b7
In base 9, what is 6 - -3?
10
In base 2, what is -10100101101 + 10?
-10100101011
In base 3, what is -1 - 122?
-200
In base 10, what is -5 + 3452?
3447
In base 9, what is 4 - -4444?
4448
In base 10, what is 1 + 361?
362
In base 9, what is -37 + 285?
247
In base 13, what is -14 + -6?
-1a
In base 2, what is -11 - 1000110?
-1001001
In base 2, what is -1001 + -11010110?
-11011111
In base 7, what is 1 + 141?
142
In base 7, what is -11 - 45?
-56
In base 10, what is 3 + 878?
881
In base 7, what is -200 + 5?
-162
In base 14, what is 75 - d?
66
In base 8, what is -5 + -561?
-566
In base 10, what is -211 + -5?
-216
In base 16, what is 4 - 48?
-44
In base 7, what is 1650 - 1?
1646
In base 2, what is -10 + -11101001?
-11101011
In base 5, what is 12330 - -3?
12333
In base 12, what is a - 17b?
-171
In base 11, what is -5 + 53?
49
In base 10, what is -97 - 55?
-152
In base 5, what is 14 - -101?
120
In base 16, what is 50 + 8?
58
In base 9, what is 82 + -5?
76
In base 7, what is -2 + -11435?
-11440
In base 15, what is -123 - 1a?
-13d
In base 10, what is 19 - -3?
22
In base 13, what is -c - -75a?
74b
In base 13, what is c + -93?
-84
In base 10, what is 21 + -499?
-478
In base 10, what is 8 + 136?
144
In base 6, what is 15401 + -5?
15352
In base 15, what is 4 + 2e?
33
In base 5, what is -11 - -143?
132
In base 8, what is 1307 - -2?
1311
In base 15, what is 4 + 20?
24
In base 4, what is -1120 + -11?
-1131
In base 16, what is f6 + 5?
fb
In base 14, what is 4 + 42?
46
In base 3, what is -110 - -100122?
100012
In base 2, what is -1010100010011 + -101?
-1010100011000
In base 6, what is -1 - 31?
-32
In base 2, what is -11 + -1100?
-1111
In base 9, what is 101 - -6?
107
In base 11, what is 47 - 5?
42
In base 13, what is 3 + -a2c?
-a29
In base 13, what is -4 - 76?
-7a
In base 6, what is 1001 - 5?
552
In base 5, what is 4 + 1144?
1203
In base 16, what is 1d2 + -4?
1ce
In base 8, what is 0 + 205?
205
In base 11, what is -34 + -53?
-87
In base 11, what is 4 - -242?
246
In base 3, what is 10101 - -10?
10111
In base 10, what is 19 + 20?
39
In base 11, what is -306 + 3?
-303
In base 7, what is 4 - 212?
-205
In base 4, what is 10 + 10313?
10323
In base 15, what is -2 - 3ca?
-3cc
In base 16, what is 14 - -5?
19
In base 8, what is 1 - 1121?
-1120
In base 9, what is 608 - -1?
610
In base 3, what is 12012 + -200?
11112
In base 10, what is -82 + 54?
-28
In base 15, what is 5 - -13?
18
In base 10, what is -33 + 15?
-18
In base 14, what is -1 - -148b?
148a
In base 14, what is -5 + 30?
29
In base 6, what is -1 - 10413?
-10414
In base 6, what is 2 - 103?
-101
In base 13, what is 0 - -28?
28
In base 16, what is 4f3 - 3?
4f0
In base 9, what is -28 + -151?
-180
In base 5, what is -1 + 3212?
3211
In base 8, what is -454 + -1?
-455
In base 6, what is -3 + 1243?
1240
In base 8, what is 75 + 5?
102
In base 2, what is 10000111110 - -100?
10001000010
In base 12, what is 0 + 44?
44
In base 12, what is 227 + -5?
222
In base 10, what is 143 - -6?
149
In base 8, what is 7 + -22?
-13
In base 14, what is -42c + -5?
-433
In base 14, what is -5c - -2?
-5a
In base 10, what is -11 + -1385?
-1396
In base 8, what is 1 + -713?
-712
In base 5, what is -1 + -4021?
-4022
In base 10, what is -183 - -5?
-178
In base 3, what is -2220 + -1211?
-11201
In base 2, what is -101 - 1101110?
-1110011
In base 3, what is -11110 - 11?
-11121
In base 14, what is -21 + a?
-15
In base 15, what is -7 - -d?
6
In base 9, what is -3 + 115?
112
In base 4, what is -23 + -33033?
-33122
In base 6, what is -1355 - 0?
-1355
In base 11, what is -500 + 2?
-4a9
In base 6, what is 104 + -150?
-42
In base 14, what is 193 - 7?
18a
In base 6, what is -54 - -33?
-21
In base 2, what is -11 + -1000110?
-1001001
In base 7, what is 0 + 2263?
2263
In base 10, what is -1923 - 5?
-1928
In base 4, what is 10 + 131020?
131030
In base 8, what is 14777 + 2?
15001
In base 13, what is -12 + -7?
-19
In base 2, what is 101 + -11111010?
-11110101
In base 9, what is -2721 - 6?
-2727
In base 15, what is 5 - -aa?
b0
In base 2, what is 110 + 10?
1000
In base 3, what is 2020 - -10?
2100
In base 6, what is 143 + -4?
135
In base 8, what is -140 - 13?
-153
In base 9, what is 170 - 0?
170
In base 10, what is -68 + 61?
-7
In base 8, what is 4 - -2232?
2236
In base 13, what is 2 - 61?
-5c
In base 10, what is 1 - 1069?
-1068
In base 11, what is -3 - 4?
-7
In base 12, what is 4 - 2327?
-2323
In base 3, what is -101110 - -10200?
-20210
In base 6, what is 3 + -4312?
-4305
In base 6, what is 0 + -134?
-134
In base 5, what is 140 - 1104?
-414
In base 8, what is -254 - -4?
-250
In base 10, what is 11 + 11?
22
In base 14, what is -b8 - b?
-c5
In base 5, what is -22 - 0?
-22
In base 4, what is 1202021 + -3?
1202012
In base 2, what is -10100011010110111 - 100?
-10100011010111011
In base 5, what is -1 + -114?
-120
In base 12, what is -4 - 145?
-149
In base 16, what is 1 - -c?
d
In base 10, what is 32 - -3?
35
In base 8, what is 21 + -325?
-304
In base 13, what is -140 - -8?
-135
In base 13, what is -34 + -21?
-55
In base 7, what is -160524 + -5?
-160532
In base 9, what is -1 - 40?
-41
In base 15, what is 2bc + 5?
2c2
In base 2, what is -101 + -1000100?
-1001001
In base 3, what is 1 - 11101012?
-11101011
In base 3, what is -2 + -2220?
-2222
In base 7, what is 1 - -155?
156
In base 14, what is 2 + -7?
-5
In base 11, what is -a7 + 0?
-a7
In base 9, what is -2 - 1400?
-1402
In base 7, what is -4 - -1303?
1266
In base 2, what is 101 - 100110?
-100001
In base 12, what is 7 - -4a?
55
In base 16, what is -d - 15c?
-169
In base 14, what is -2 + -7d8?
-7da
In base 4, what is -10 - -1?
-3
In base 8, what is -7 - -154?
145
In base 9, what is 3 - 12?
-8
In base 7, what is 4255 + 1?
4256
In base 13, what is 1 + 277?
278
In base 2, what is 0 - -100001011?
100001011
In base 16, what is 3 + -18?
-15
In base 10, what is -63204 + 1?
-63203
In base 16, what is 6 + -1?
5
In base 11, what is -3 - -160?
158
In base 9, what is -3 - 1037?
-1041
In base 4, what is 20012 + -12?
20000
In base 13, what is -237 + c?
-228
In base 6, what is -101 - -1043?
542
In base 10, what is 2 - -3439?
3441
In base 5, what is 4 - 130?
-121
In base 15, what is 5 - -c4?
c9
In base 10, what is 3 - -125?
128
In base 7, what is 0 - -2041?
2041
In base 8, what is -1662 + -25?
-1707
In base 3, what is 121211011 - -2?
121211020
In base 15, what is 38 + 2?
3a
In base 7, what is -4 - 6?
-13
In base 10, what is 5 + 28?
33
In base 11, what is 4 + 277a?
2783
In base 8, what is 4 - 211?
-205
In base 7, what is 101 - -5?
106
In base 12, what is -17 - -20?
5
In base 15, what is 310e - -2?
3111
In base 10, what is 63 - 7?
56
In base 14, what is 5 - 34?
-2d
In base 7, what is -120 - 361?
-511
In base 14, what is -1 + 4d?
4c
In base 3, what is 201 + -220?
-12
In base 11, what is -165 + -1?
-166
In base 3, what is 10222 - -122?
11121
In base 7, what is 11 + 1354?
1365
In base 15, what is -1b + -97?
-b3
In base 2, what is -11001110 - -101100?
-10100010
In base 11, what is 3 - 29?
-26
In base 16, what is 32 - -4?
36
In base 5, what is -1330022 - 10?
-1330032
In base 7, what is 1 + 3265?
3266
In base 15, what is e + 12e?
13d
In base 6, what is -125 - 21?
-150
In base 13, what is 7 - -1c?
26
In base 6, what is -4 - 353?
-401
In base 5, what is -1421 + 10?
-1411
In base 15, what is a3e + -3?
a3b
In base 9, what is -12 - -32?
20
In base 4, what is -10 - 3000?
-3010
In base 6, what is -2422 - 0?
-2422
In base 2, what is 11001 - -111?
100000
In base 3, what is 220120 - -11?
220201
In base 14, what is -3 - 1d6b?
-1d70
In base 11, what is 4 - 544?
-540
In base 13, what is -4 + -27?
-2b
In base 13, what is -30 - -69?
39
In base 6, what is 2105